{"id":134,"date":"2018-02-12T15:48:24","date_gmt":"2018-02-12T15:48:24","guid":{"rendered":"https:\/\/kindergarten.sterhard.de\/?page_id=134"},"modified":"2026-01-07T13:50:01","modified_gmt":"2026-01-07T13:50:01","slug":"schliesstage-2","status":"publish","type":"page","link":"https:\/\/kindergarten.sterhard.de\/?page_id=134","title":{"rendered":"Schlie\u00dftage"},"content":{"rendered":"<p><strong><u>Schlie\u00dftage f\u00fcr das Kindergartenjahr 2025\/26<\/u><\/strong><\/p>\n<p><strong>Weihnachten:<\/strong> Mo, 22.12.2025 \u2013 Di, 06.01.2026<br \/><strong>Pfingsten:<\/strong> Di, 26.05. 2026 &#8211; Fr, 29.05.2026<br \/><strong>Sommer:<\/strong> Di 04.08.2026 \u2013 Fr, 28.08.2026<br \/><strong>Planungstag:<\/strong> 31.08.2026<\/p>\n<p>(Angegeben sind jeweils der 1. und der letzte Ferientag!)<u><\/u><\/p>\n<p>\u00a0<\/p>\n\n\n<p><\/p>\n","protected":false},"excerpt":{"rendered":"<p>Schlie\u00dftage f\u00fcr das Kindergartenjahr 2025\/26 Weihnachten: Mo, 22.12.2025 \u2013 Di, 06.01.2026Pfingsten: Di, 26.05. 2026 &#8211; Fr, 29.05.2026Sommer: Di 04.08.2026 \u2013 Fr, 28.08.2026Planungstag: 31.08.2026 (Angegeben sind jeweils der 1. und der letzte Ferientag!) \u00a0<\/p>\n","protected":false},"author":1,"featured_media":0,"parent":0,"menu_order":0,"comment_status":"closed","ping_status":"closed","template":"","meta":[],"_links":{"self":[{"href":"https:\/\/kindergarten.sterhard.de\/index.php?rest_route=\/wp\/v2\/pages\/134"}],"collection":[{"href":"https:\/\/kindergarten.sterhard.de\/index.php?rest_route=\/wp\/v2\/pages"}],"about":[{"href":"https:\/\/kindergarten.sterhard.de\/index.php?rest_route=\/wp\/v2\/types\/page"}],"author":[{"embeddable":true,"href":"https:\/\/kindergarten.sterhard.de\/index.php?rest_route=\/wp\/v2\/users\/1"}],"replies":[{"embeddable":true,"href":"https:\/\/kindergarten.sterhard.de\/index.php?rest_route=%2Fwp%2Fv2%2Fcomments&post=134"}],"version-history":[{"count":29,"href":"https:\/\/kindergarten.sterhard.de\/index.php?rest_route=\/wp\/v2\/pages\/134\/revisions"}],"predecessor-version":[{"id":868,"href":"https:\/\/kindergarten.sterhard.de\/index.php?rest_route=\/wp\/v2\/pages\/134\/revisions\/868"}],"wp:attachment":[{"href":"https:\/\/kindergarten.sterhard.de\/index.php?rest_route=%2Fwp%2Fv2%2Fmedia&parent=134"}],"curies":[{"name":"wp","href":"https:\/\/api.w.org\/{rel}","templated":true}]}}