{"id":69,"date":"2017-11-06T16:16:23","date_gmt":"2017-11-06T16:16:23","guid":{"rendered":"https:\/\/kindergarten.sterhard.de\/?page_id=69"},"modified":"2026-04-08T12:12:06","modified_gmt":"2026-04-08T12:12:06","slug":"gruppen","status":"publish","type":"page","link":"https:\/\/kindergarten.sterhard.de\/?page_id=69","title":{"rendered":"Gruppen"},"content":{"rendered":"<p><strong>Marienk\u00e4fergruppe<\/strong><\/p>\n<p>In der Marienk\u00e4fergruppe werden \u00fcberwiegend die Kinder mit einer Betreuungszeit von 4,5 &#8211; 6 Stunden betreut.<\/p>\n<p><strong>Schmetterlingsgruppe<\/strong><\/p>\n<p>In der Schmetterlingsgruppe werden \u00fcberwiegend Kinder mit einer Betreuungszeit von mindestens 6 Stunden und Ganztagskinder betreut.<\/p>\n<p><strong>Bienengruppe<\/strong><\/p>\n<p>In der Bienengruppe werden derzeit keine Kinder betreut.<\/p>\n<p><strong>M\u00e4usegruppe &#8211; Inklusionsgruppe<br \/>\n<\/strong><\/p>\n<p>In der M\u00e4usegruppe werden neben unseren Inklusionskindern \u00fcberwiegend Kinder mit einer Betreuungszeit von 5 &#8211; 6 Stunden, aber auch Ganztagskinder betreut.<\/p>\n","protected":false},"excerpt":{"rendered":"<p>Marienk\u00e4fergruppe In der Marienk\u00e4fergruppe werden \u00fcberwiegend die Kinder mit einer Betreuungszeit von 4,5 &#8211; 6 Stunden betreut. Schmetterlingsgruppe In der Schmetterlingsgruppe werden \u00fcberwiegend Kinder mit einer Betreuungszeit von mindestens 6 Stunden und Ganztagskinder betreut. Bienengruppe In der Bienengruppe werden derzeit keine Kinder betreut. M\u00e4usegruppe &#8211; Inklusionsgruppe In der M\u00e4usegruppe werden neben unseren Inklusionskindern \u00fcberwiegend Kinder &hellip; <\/p>\n<p class=\"link-more\"><a href=\"https:\/\/kindergarten.sterhard.de\/?page_id=69\" class=\"more-link\"><span class=\"screen-reader-text\">\u201eGruppen\u201c<\/span> weiterlesen<\/a><\/p>\n","protected":false},"author":1,"featured_media":0,"parent":0,"menu_order":0,"comment_status":"closed","ping_status":"closed","template":"","meta":[],"_links":{"self":[{"href":"https:\/\/kindergarten.sterhard.de\/index.php?rest_route=\/wp\/v2\/pages\/69"}],"collection":[{"href":"https:\/\/kindergarten.sterhard.de\/index.php?rest_route=\/wp\/v2\/pages"}],"about":[{"href":"https:\/\/kindergarten.sterhard.de\/index.php?rest_route=\/wp\/v2\/types\/page"}],"author":[{"embeddable":true,"href":"https:\/\/kindergarten.sterhard.de\/index.php?rest_route=\/wp\/v2\/users\/1"}],"replies":[{"embeddable":true,"href":"https:\/\/kindergarten.sterhard.de\/index.php?rest_route=%2Fwp%2Fv2%2Fcomments&post=69"}],"version-history":[{"count":14,"href":"https:\/\/kindergarten.sterhard.de\/index.php?rest_route=\/wp\/v2\/pages\/69\/revisions"}],"predecessor-version":[{"id":898,"href":"https:\/\/kindergarten.sterhard.de\/index.php?rest_route=\/wp\/v2\/pages\/69\/revisions\/898"}],"wp:attachment":[{"href":"https:\/\/kindergarten.sterhard.de\/index.php?rest_route=%2Fwp%2Fv2%2Fmedia&parent=69"}],"curies":[{"name":"wp","href":"https:\/\/api.w.org\/{rel}","templated":true}]}}

<p><strong>Marienkäfergruppe</strong></p>
<p>In der Marienkäfergruppe werden überwiegend die Kinder mit einer Betreuungszeit von 4,5 &#8211; 6 Stunden betreut.</p>
<p><strong>Schmetterlingsgruppe</strong></p>
<p>In der Schmetterlingsgruppe werden überwiegend Kinder mit einer Betreuungszeit von mindestens 6 Stunden und Ganztagskinder betreut.</p>
<p><strong>Bienengruppe</strong></p>
<p>In der Bienengruppe werden derzeit keine Kinder betreut.</p>
<p><strong>Mäusegruppe &#8211; Inklusionsgruppe<br />
</strong></p>
<p>In der Mäusegruppe werden neben unseren Inklusionskindern überwiegend Kinder mit einer Betreuungszeit von 5 &#8211; 6 Stunden, aber auch Ganztagskinder betreut.</p>

<p>Marienkäfergruppe In der Marienkäfergruppe werden überwiegend die Kinder mit einer Betreuungszeit von 4,5 &#8211; 6 Stunden betreut. Schmetterlingsgruppe In der Schmetterlingsgruppe werden überwiegend Kinder mit einer Betreuungszeit von mindestens 6 Stunden und Ganztagskinder betreut. Bienengruppe In der Bienengruppe werden derzeit keine Kinder betreut. Mäusegruppe &#8211; Inklusionsgruppe In der Mäusegruppe werden neben unseren Inklusionskindern überwiegend Kinder &hellip; </p>
<p class="link-more"><a href="https://kindergarten.sterhard.de/?page_id=69" class="more-link"><span class="screen-reader-text">„Gruppen“</span> weiterlesen</a></p>
